{"id":3899,"date":"2020-03-13T14:40:02","date_gmt":"2020-03-13T14:40:02","guid":{"rendered":"http:\/\/leadspro.es\/puntolana\/?page_id=3899"},"modified":"2024-09-18T13:04:47","modified_gmt":"2024-09-18T11:04:47","slug":"guia-de-cuidado","status":"publish","type":"page","link":"https:\/\/ilchiti.com\/staging\/nosotros\/guia-de-cuidado\/","title":{"rendered":"Gu\u00eda de cuidado"},"content":{"rendered":"<p>[vc_row][vc_column][vc_custom_heading text=\u00bbGU\u00cdA DE CUIDADO\u00bb font_container=\u00bbtag:h2|text_align:center|line_height:50px\u00bb use_theme_fonts=\u00bbyes\u00bb css=\u00bb.vc_custom_1585670930574{margin-top: 2rem !important;margin-bottom: 1.5rem !important;}\u00bb][vc_column_text el_class=\u00bbtxtttlen\u00bb]<\/p>\n<h4><strong>1. Lavado a m\u00e1quina<\/strong><\/h4>\n<p style=\"text-align: justify;\">No incluya prendas con componentes que puedan da\u00f1ar (cremalleras, ganchos, metal, piezas). Lave en agua fr\u00eda con un detergente suave biodegradable l\u00edquido. Consulte las instrucciones de cuidado espec\u00edficas del producto en la etiqueta del producto. Evitar el uso de altas temperaturas o temperaturas m\u00e1ximas.<\/p>\n<h4><strong>2. Detergente<\/strong><\/h4>\n<p style=\"text-align: justify;\">Use el detergente delicado o un detergente biodegradable l\u00edquido suave sin lej\u00eda ni blanqueadores a\u00f1adidos. Evite el detergente en polvo o los detergentes que contengan \u00e1lcali y aseg\u00farese de que el detergente est\u00e9 completamente disuelto.<\/p>\n<h4><strong>3. El secado<\/strong><\/h4>\n<p style=\"text-align: justify;\">Cuando seque una m\u00e1quina, nunca seque a altas temperaturas. No cuelgue las pantuflas tejidas verticalmente. Acu\u00e9stese sobre una rejilla de secado para evitar estirar demasiado. No secar m\u00e1s de lo necesario.<\/p>\n<h4><strong>4. Planchado<\/strong><\/h4>\n<p style=\"text-align: justify;\">No planchar.<\/p>\n<h4><strong>5. Limpieza en seco<\/strong><\/h4>\n<p style=\"text-align: justify;\">Las fibras delicadas, se limpian mejor profesionalmente. Se recomienda la limpieza en seco. Aseg\u00farese de usar tintorer\u00edas profesionales que tengan experiencia.<\/p>\n<h4><strong>6. Almacenamiento<\/strong><\/h4>\n<p style=\"text-align: justify;\">Almacene en un lugar fresco, seco y bien ventilado, ya que las fibras naturales necesitan respirar. Para un aroma limpio y n\u00edtido, almacene con una bolsita perfumada.<\/p>\n<p>[\/vc_column_text][\/vc_column][\/vc_row]<\/p>","protected":false},"excerpt":{"rendered":"<p>[vc_row][vc_column][vc_custom_heading text=\u00bbGU\u00cdA DE CUIDADO\u00bb font_container=\u00bbtag:h2|text_align:center|line_height:50px\u00bb use_theme_fonts=\u00bbyes\u00bb css=\u00bb.vc_custom_1585670930574{margin-top: 2rem !important;margin-bottom: 1.5rem !important;}\u00bb][vc_column_text el_class=\u00bbtxtttlen\u00bb] 1. Lavado a m\u00e1quina No incluya prendas con\u2026<\/p>\n","protected":false},"author":1,"featured_media":0,"parent":3814,"menu_order":0,"comment_status":"closed","ping_status":"closed","template":"","meta":{"footnotes":""},"class_list":["post-3899","page","type-page","status-publish","hentry"],"jetpack_sharing_enabled":true,"_links":{"self":[{"href":"https:\/\/ilchiti.com\/staging\/wp-json\/wp\/v2\/pages\/3899","targetHints":{"allow":["GET"]}}],"collection":[{"href":"https:\/\/ilchiti.com\/staging\/wp-json\/wp\/v2\/pages"}],"about":[{"href":"https:\/\/ilchiti.com\/staging\/wp-json\/wp\/v2\/types\/page"}],"author":[{"embeddable":true,"href":"https:\/\/ilchiti.com\/staging\/wp-json\/wp\/v2\/users\/1"}],"replies":[{"embeddable":true,"href":"https:\/\/ilchiti.com\/staging\/wp-json\/wp\/v2\/comments?post=3899"}],"version-history":[{"count":30,"href":"https:\/\/ilchiti.com\/staging\/wp-json\/wp\/v2\/pages\/3899\/revisions"}],"predecessor-version":[{"id":7385,"href":"https:\/\/ilchiti.com\/staging\/wp-json\/wp\/v2\/pages\/3899\/revisions\/7385"}],"up":[{"embeddable":true,"href":"https:\/\/ilchiti.com\/staging\/wp-json\/wp\/v2\/pages\/3814"}],"wp:attachment":[{"href":"https:\/\/ilchiti.com\/staging\/wp-json\/wp\/v2\/media?parent=3899"}],"curies":[{"name":"wp","href":"https:\/\/api.w.org\/{rel}","templated":true}]}}