{"id":3658,"date":"2018-11-06T16:55:44","date_gmt":"2018-11-06T16:55:44","guid":{"rendered":"http:\/\/barberry.temashdesign.com\/furnituredemo\/?page_id=3658"},"modified":"2025-01-01T15:20:22","modified_gmt":"2025-01-01T14:20:22","slug":"home","status":"publish","type":"page","link":"https:\/\/ilchiti.com\/staging\/","title":{"rendered":"Home Modern"},"content":{"rendered":"<p>[vc_row][vc_column][vc_column_text][\/vc_column_text][\/vc_column][\/vc_row][vc_row disable_element=\u00bbyes\u00bb][vc_column][rev_slider_vc alias=\u00bbhome\u00bb el_class=\u00bbsldrhome\u00bb][\/vc_column][\/vc_row][vc_row full_width=\u00bbstretch_row_content\u00bb equal_height=\u00bbyes\u00bb content_placement=\u00bbmiddle\u00bb][vc_column css=\u00bb.vc_custom_1585623747477{padding-left: 25px !important;}\u00bb][vc_single_image image=\u00bb7481&#8243; img_size=\u00bbfull\u00bb alignment=\u00bbcenter\u00bb css=\u00bb.vc_custom_1729107605710{margin-bottom: 0px !important;}\u00bb]<div class=\"woocommerce columns-3 \"><div class=\"grid-container\">\n\t<div class=\"grid-x grid-margin-x\">\n\t\t<div class=\"cell large-12\">\n\t\t\t<ul class=\"products columns-3 category-grid-layout-1 product-grid-layout-1 \">\n<li class=\"product type-product post-7596 status-publish first instock product_cat-accesorios has-post-thumbnail featured sold-individually shipping-taxable purchasable product-type-simple\">\n\t<a href=\"https:\/\/ilchiti.com\/staging\/producto\/cappellino-hat-ga010\/\" class=\"woocommerce-LoopProduct-link woocommerce-loop-product__link\">\t<div class=\"product-inner\">\n\t\t<div class=\"product-image\">\n\t\t\t<img loading=\"lazy\" decoding=\"async\" width=\"400\" height=\"480\" src=\"https:\/\/ilchiti.com\/staging\/wp-content\/uploads\/2025\/01\/GA010-400x480.jpg\" class=\"attachment-woocommerce_thumbnail size-woocommerce_thumbnail\" alt=\"\" \/>\t\t<\/div>\n\t\t<div class=\"product-details-wrapper\">\n\t\t\t<div class=\"product-details\">\n\t\t\t\t<h2 class=\"woocommerce-loop-product__title\">Cappellino Hat GA010<\/h2>\n\t<span class=\"price\"><span class=\"woocommerce-Price-amount amount\"><bdi><span class=\"woocommerce-Price-currencySymbol\">&euro;<\/span>35.00<\/bdi><\/span><\/span>\n<\/a><a href=\"?add-to-cart=7596\" data-quantity=\"1\" class=\"button product_type_simple add_to_cart_button ajax_add_to_cart barberry_addtocart_button\" data-product_id=\"7596\" data-product_sku=\"\" aria-label=\"A\u00f1adir al carrito: &ldquo;Cappellino Hat GA010&rdquo;\" rel=\"nofollow\" data-success_message=\"\u00abCappellino Hat GA010\u00bb se ha a\u00f1adido a tu carrito\"><span class=\"tooltip\">A\u00f1adir al carrito<\/span>A\u00f1adir al carrito<\/a>\t\t\t<\/div>\n\t\t<\/div>\n\t<\/div>\n<\/li>\n<li class=\"product type-product post-7594 status-publish instock product_cat-accesorios has-post-thumbnail featured sold-individually shipping-taxable purchasable product-type-simple\">\n\t<a href=\"https:\/\/ilchiti.com\/staging\/producto\/cappellino-hat-ga009\/\" class=\"woocommerce-LoopProduct-link woocommerce-loop-product__link\">\t<div class=\"product-inner\">\n\t\t<div class=\"product-image\">\n\t\t\t<img loading=\"lazy\" decoding=\"async\" width=\"400\" height=\"480\" src=\"https:\/\/ilchiti.com\/staging\/wp-content\/uploads\/2025\/01\/GA009-400x480.jpg\" class=\"attachment-woocommerce_thumbnail size-woocommerce_thumbnail\" alt=\"\" \/>\t\t<\/div>\n\t\t<div class=\"product-details-wrapper\">\n\t\t\t<div class=\"product-details\">\n\t\t\t\t<h2 class=\"woocommerce-loop-product__title\">Cappellino Hat GA009<\/h2>\n\t<span class=\"price\"><span class=\"woocommerce-Price-amount amount\"><bdi><span class=\"woocommerce-Price-currencySymbol\">&euro;<\/span>35.00<\/bdi><\/span><\/span>\n<\/a><a href=\"?add-to-cart=7594\" data-quantity=\"1\" class=\"button product_type_simple add_to_cart_button ajax_add_to_cart barberry_addtocart_button\" data-product_id=\"7594\" data-product_sku=\"\" aria-label=\"A\u00f1adir al carrito: &ldquo;Cappellino Hat GA009&rdquo;\" rel=\"nofollow\" data-success_message=\"\u00abCappellino Hat GA009\u00bb se ha a\u00f1adido a tu carrito\"><span class=\"tooltip\">A\u00f1adir al carrito<\/span>A\u00f1adir al carrito<\/a>\t\t\t<\/div>\n\t\t<\/div>\n\t<\/div>\n<\/li>\n<li class=\"product type-product post-7592 status-publish last instock product_cat-accesorios has-post-thumbnail featured sold-individually shipping-taxable purchasable product-type-simple\">\n\t<a href=\"https:\/\/ilchiti.com\/staging\/producto\/cappellino-hat-ga008\/\" class=\"woocommerce-LoopProduct-link woocommerce-loop-product__link\">\t<div class=\"product-inner\">\n\t\t<div class=\"product-image\">\n\t\t\t<img loading=\"lazy\" decoding=\"async\" width=\"400\" height=\"480\" src=\"https:\/\/ilchiti.com\/staging\/wp-content\/uploads\/2025\/01\/GA008-400x480.jpg\" class=\"attachment-woocommerce_thumbnail size-woocommerce_thumbnail\" alt=\"\" \/>\t\t<\/div>\n\t\t<div class=\"product-details-wrapper\">\n\t\t\t<div class=\"product-details\">\n\t\t\t\t<h2 class=\"woocommerce-loop-product__title\">Cappellino Hat GA008<\/h2>\n\t<span class=\"price\"><span class=\"woocommerce-Price-amount amount\"><bdi><span class=\"woocommerce-Price-currencySymbol\">&euro;<\/span>35.00<\/bdi><\/span><\/span>\n<\/a><a href=\"?add-to-cart=7592\" data-quantity=\"1\" class=\"button product_type_simple add_to_cart_button ajax_add_to_cart barberry_addtocart_button\" data-product_id=\"7592\" data-product_sku=\"\" aria-label=\"A\u00f1adir al carrito: &ldquo;Cappellino Hat GA008&rdquo;\" rel=\"nofollow\" data-success_message=\"\u00abCappellino Hat GA008\u00bb se ha a\u00f1adido a tu carrito\"><span class=\"tooltip\">A\u00f1adir al carrito<\/span>A\u00f1adir al carrito<\/a>\t\t\t<\/div>\n\t\t<\/div>\n\t<\/div>\n<\/li>\n<li class=\"product type-product post-7590 status-publish first instock product_cat-accesorios has-post-thumbnail featured sold-individually shipping-taxable purchasable product-type-simple\">\n\t<a href=\"https:\/\/ilchiti.com\/staging\/producto\/cappellino-hat-ga007\/\" class=\"woocommerce-LoopProduct-link woocommerce-loop-product__link\">\t<div class=\"product-inner\">\n\t\t<div class=\"product-image\">\n\t\t\t<img loading=\"lazy\" decoding=\"async\" width=\"400\" height=\"480\" src=\"https:\/\/ilchiti.com\/staging\/wp-content\/uploads\/2025\/01\/GA007-400x480.jpg\" class=\"attachment-woocommerce_thumbnail size-woocommerce_thumbnail\" alt=\"\" \/>\t\t<\/div>\n\t\t<div class=\"product-details-wrapper\">\n\t\t\t<div class=\"product-details\">\n\t\t\t\t<h2 class=\"woocommerce-loop-product__title\">Cappellino Hat GA007<\/h2>\n\t<span class=\"price\"><span class=\"woocommerce-Price-amount amount\"><bdi><span class=\"woocommerce-Price-currencySymbol\">&euro;<\/span>35.00<\/bdi><\/span><\/span>\n<\/a><a href=\"?add-to-cart=7590\" data-quantity=\"1\" class=\"button product_type_simple add_to_cart_button ajax_add_to_cart barberry_addtocart_button\" data-product_id=\"7590\" data-product_sku=\"\" aria-label=\"A\u00f1adir al carrito: &ldquo;Cappellino Hat GA007&rdquo;\" rel=\"nofollow\" data-success_message=\"\u00abCappellino Hat GA007\u00bb se ha a\u00f1adido a tu carrito\"><span class=\"tooltip\">A\u00f1adir al carrito<\/span>A\u00f1adir al carrito<\/a>\t\t\t<\/div>\n\t\t<\/div>\n\t<\/div>\n<\/li>\n<li class=\"product type-product post-7588 status-publish instock product_cat-accesorios has-post-thumbnail featured sold-individually shipping-taxable purchasable product-type-simple\">\n\t<a href=\"https:\/\/ilchiti.com\/staging\/producto\/cappellino-hat-ga006\/\" class=\"woocommerce-LoopProduct-link woocommerce-loop-product__link\">\t<div class=\"product-inner\">\n\t\t<div class=\"product-image\">\n\t\t\t<img loading=\"lazy\" decoding=\"async\" width=\"400\" height=\"480\" src=\"https:\/\/ilchiti.com\/staging\/wp-content\/uploads\/2025\/01\/GA006-400x480.jpg\" class=\"attachment-woocommerce_thumbnail size-woocommerce_thumbnail\" alt=\"\" \/>\t\t<\/div>\n\t\t<div class=\"product-details-wrapper\">\n\t\t\t<div class=\"product-details\">\n\t\t\t\t<h2 class=\"woocommerce-loop-product__title\">Cappellino Hat GA006<\/h2>\n\t<span class=\"price\"><span class=\"woocommerce-Price-amount amount\"><bdi><span class=\"woocommerce-Price-currencySymbol\">&euro;<\/span>35.00<\/bdi><\/span><\/span>\n<\/a><a href=\"?add-to-cart=7588\" data-quantity=\"1\" class=\"button product_type_simple add_to_cart_button ajax_add_to_cart barberry_addtocart_button\" data-product_id=\"7588\" data-product_sku=\"\" aria-label=\"A\u00f1adir al carrito: &ldquo;Cappellino Hat GA006&rdquo;\" rel=\"nofollow\" data-success_message=\"\u00abCappellino Hat GA006\u00bb se ha a\u00f1adido a tu carrito\"><span class=\"tooltip\">A\u00f1adir al carrito<\/span>A\u00f1adir al carrito<\/a>\t\t\t<\/div>\n\t\t<\/div>\n\t<\/div>\n<\/li>\n<li class=\"product type-product post-7586 status-publish last instock product_cat-accesorios has-post-thumbnail featured sold-individually shipping-taxable purchasable product-type-simple\">\n\t<a href=\"https:\/\/ilchiti.com\/staging\/producto\/cappellino-hat-ga005\/\" class=\"woocommerce-LoopProduct-link woocommerce-loop-product__link\">\t<div class=\"product-inner\">\n\t\t<div class=\"product-image\">\n\t\t\t<img loading=\"lazy\" decoding=\"async\" width=\"400\" height=\"480\" src=\"https:\/\/ilchiti.com\/staging\/wp-content\/uploads\/2025\/01\/GA005-400x480.jpg\" class=\"attachment-woocommerce_thumbnail size-woocommerce_thumbnail\" alt=\"\" \/>\t\t<\/div>\n\t\t<div class=\"product-details-wrapper\">\n\t\t\t<div class=\"product-details\">\n\t\t\t\t<h2 class=\"woocommerce-loop-product__title\">Cappellino Hat GA005<\/h2>\n\t<span class=\"price\"><span class=\"woocommerce-Price-amount amount\"><bdi><span class=\"woocommerce-Price-currencySymbol\">&euro;<\/span>35.00<\/bdi><\/span><\/span>\n<\/a><a href=\"?add-to-cart=7586\" data-quantity=\"1\" class=\"button product_type_simple add_to_cart_button ajax_add_to_cart barberry_addtocart_button\" data-product_id=\"7586\" data-product_sku=\"\" aria-label=\"A\u00f1adir al carrito: &ldquo;Cappellino Hat GA005&rdquo;\" rel=\"nofollow\" data-success_message=\"\u00abCappellino Hat GA005\u00bb se ha a\u00f1adido a tu carrito\"><span class=\"tooltip\">A\u00f1adir al carrito<\/span>A\u00f1adir al carrito<\/a>\t\t\t<\/div>\n\t\t<\/div>\n\t<\/div>\n<\/li>\n\t\t\t<\/ul>\n\t\t<\/div><!-- .cell -->\n    <\/div><!-- .grid-x -->\n<\/div><!-- .grid-container --><\/div>[\/vc_column][\/vc_row][vc_row full_width=\u00bbstretch_row_content\u00bb equal_height=\u00bbyes\u00bb content_placement=\u00bbmiddle\u00bb css=\u00bb.vc_custom_1584755021137{margin-top: 50px !important;}\u00bb][vc_column width=\u00bb1\/2&#8243; css=\u00bb.vc_custom_1585626855760{padding-left: 25px !important;}\u00bb][vc_row_inner content_placement=\u00bbmiddle\u00bb][vc_column_inner width=\u00bb1\/6&#8243;][\/vc_column_inner][vc_column_inner el_class=\u00bbtxtttlehm\u00bb width=\u00bb2\/3&#8243;][vc_custom_heading text=\u00bbNOSOTROS\u00bb font_container=\u00bbtag:h2|text_align:center\u00bb use_theme_fonts=\u00bbyes\u00bb css=\u00bb.vc_custom_1685473420780{margin-top: 0px !important;margin-bottom: 1.5rem !important;}\u00bb][vc_column_text css=\u00bb.vc_custom_1685473469058{margin-bottom: 0px !important;}\u00bb]<\/p>\n<p style=\"text-align: center;\">ILChiti apoya a creadores independientes, te ofrecemos art\u00edculos \u00fanicos y creativos. Nuestro enfoque es vender pantuflas de dise\u00f1o, hechos a mano.<\/p>\n<p style=\"text-align: center;\">Nuestro compromiso es fomentar la creatividad, la sostenibilidad y las buenas practicas del comercio justo, por este motivo es creada la l\u00ednea FREE DESING que se caracteriza en ofrecer un dise\u00f1o \u00fanico, exclusivo y personalizado por cada una de nuestras tejedoras.<\/p>\n<p style=\"text-align: center;\">Estos grandiosos grupos est\u00e1n conformados por mujeres tejedoras que con sus habilidades en el tejido transmitido de generaci\u00f3n en generaci\u00f3n realizan sus obras de arte hechas a mano.<\/p>\n<p>[\/vc_column_text][\/vc_column_inner][vc_column_inner width=\u00bb1\/6&#8243;][\/vc_column_inner][\/vc_row_inner][\/vc_column][vc_column width=\u00bb1\/2&#8243; css=\u00bb.vc_custom_1585626884413{padding-right: 25px !important;padding-left: 0px !important;}\u00bb][vc_single_image image=\u00bb3767&#8243; img_size=\u00bbfull\u00bb alignment=\u00bbright\u00bb css=\u00bb.vc_custom_1584755102767{margin-bottom: 0px !important;}\u00bb][\/vc_column][\/vc_row][vc_row full_width=\u00bbstretch_row_content\u00bb equal_height=\u00bbyes\u00bb content_placement=\u00bbmiddle\u00bb][vc_column width=\u00bb1\/2&#8243; css=\u00bb.vc_custom_1585626907551{padding-right: 0px !important;padding-left: 25px !important;}\u00bb][vc_single_image image=\u00bb3769&#8243; img_size=\u00bbfull\u00bb css=\u00bb.vc_custom_1584755211495{margin-bottom: 0px !important;}\u00bb][\/vc_column][vc_column width=\u00bb1\/2&#8243; css=\u00bb.vc_custom_1585626897781{padding-right: 25px !important;}\u00bb][vc_row_inner content_placement=\u00bbmiddle\u00bb][vc_column_inner width=\u00bb1\/6&#8243;][\/vc_column_inner][vc_column_inner el_class=\u00bbtxtttlehm\u00bb width=\u00bb2\/3&#8243;][vc_custom_heading text=\u00bbMODA SIN CRUELDAD\u00bb font_container=\u00bbtag:h2|text_align:center\u00bb use_theme_fonts=\u00bbyes\u00bb css=\u00bb.vc_custom_1685473521396{margin-top: 0px !important;margin-bottom: 1.5rem !important;}\u00bb][vc_column_text css=\u00bb.vc_custom_1685473545453{margin-bottom: 0px !important;}\u00bb]<\/p>\n<p style=\"text-align: center;\">Las alpacas viven libremente en su h\u00e1bitat natural, siendo esquiladas por los granjeros que las cuidan.<\/p>\n<p style=\"text-align: center;\">Las alpacas est\u00e1n acostumbradas al frio del altiplano, pero ocasionalmente estas temperaturas pueden llegar a -20\u00b0C, causando la muerte natural de las alpacas, los campesinos tienen que en lo posible aprovechar la lana y la piel para su subsistencia.<\/p>\n<p>[\/vc_column_text][\/vc_column_inner][vc_column_inner width=\u00bb1\/6&#8243;][\/vc_column_inner][\/vc_row_inner][\/vc_column][\/vc_row][vc_row disable_element=\u00bbyes\u00bb][vc_column css_animation=\u00bbnone\u00bb][vc_empty_space height=\u00bb50px\u00bb][vc_custom_heading text=\u00bbProductos destacados\u00bb font_container=\u00bbtag:h3|text_align:center\u00bb use_theme_fonts=\u00bbyes\u00bb css_animation=\u00bbnone\u00bb css=\u00bb.vc_custom_1583767372418{margin-bottom: 0px !important;}\u00bb][vc_column_text css_animation=\u00bbnone\u00bb]<\/p>\n<p style=\"text-align: center;\"><span style=\"color: #666666;\">Featured pharetra est nec ligula efficitur condimentum<\/span><\/p>\n<p>[\/vc_column_text][vc_empty_space height=\u00bb20px\u00bb]<div class=\"woocommerce columns-3 \"><div class=\"grid-container\">\n\t<div class=\"grid-x grid-margin-x\">\n\t\t<div class=\"cell large-12\">\n\t\t\t<ul class=\"products columns-3 category-grid-layout-1 product-grid-layout-1 \">\n<li class=\"product type-product post-7596 status-publish first instock product_cat-accesorios has-post-thumbnail featured sold-individually shipping-taxable purchasable product-type-simple\">\n\t<a href=\"https:\/\/ilchiti.com\/staging\/producto\/cappellino-hat-ga010\/\" class=\"woocommerce-LoopProduct-link woocommerce-loop-product__link\">\t<div class=\"product-inner\">\n\t\t<div class=\"product-image\">\n\t\t\t<img loading=\"lazy\" decoding=\"async\" width=\"400\" height=\"480\" src=\"https:\/\/ilchiti.com\/staging\/wp-content\/uploads\/2025\/01\/GA010-400x480.jpg\" class=\"attachment-woocommerce_thumbnail size-woocommerce_thumbnail\" alt=\"\" \/>\t\t<\/div>\n\t\t<div class=\"product-details-wrapper\">\n\t\t\t<div class=\"product-details\">\n\t\t\t\t<h2 class=\"woocommerce-loop-product__title\">Cappellino Hat GA010<\/h2>\n\t<span class=\"price\"><span class=\"woocommerce-Price-amount amount\"><bdi><span class=\"woocommerce-Price-currencySymbol\">&euro;<\/span>35.00<\/bdi><\/span><\/span>\n<\/a><a href=\"?add-to-cart=7596\" data-quantity=\"1\" class=\"button product_type_simple add_to_cart_button ajax_add_to_cart barberry_addtocart_button\" data-product_id=\"7596\" data-product_sku=\"\" aria-label=\"A\u00f1adir al carrito: &ldquo;Cappellino Hat GA010&rdquo;\" rel=\"nofollow\" data-success_message=\"\u00abCappellino Hat GA010\u00bb se ha a\u00f1adido a tu carrito\"><span class=\"tooltip\">A\u00f1adir al carrito<\/span>A\u00f1adir al carrito<\/a>\t\t\t<\/div>\n\t\t<\/div>\n\t<\/div>\n<\/li>\n<li class=\"product type-product post-7594 status-publish instock product_cat-accesorios has-post-thumbnail featured sold-individually shipping-taxable purchasable product-type-simple\">\n\t<a href=\"https:\/\/ilchiti.com\/staging\/producto\/cappellino-hat-ga009\/\" class=\"woocommerce-LoopProduct-link woocommerce-loop-product__link\">\t<div class=\"product-inner\">\n\t\t<div class=\"product-image\">\n\t\t\t<img loading=\"lazy\" decoding=\"async\" width=\"400\" height=\"480\" src=\"https:\/\/ilchiti.com\/staging\/wp-content\/uploads\/2025\/01\/GA009-400x480.jpg\" class=\"attachment-woocommerce_thumbnail size-woocommerce_thumbnail\" alt=\"\" \/>\t\t<\/div>\n\t\t<div class=\"product-details-wrapper\">\n\t\t\t<div class=\"product-details\">\n\t\t\t\t<h2 class=\"woocommerce-loop-product__title\">Cappellino Hat GA009<\/h2>\n\t<span class=\"price\"><span class=\"woocommerce-Price-amount amount\"><bdi><span class=\"woocommerce-Price-currencySymbol\">&euro;<\/span>35.00<\/bdi><\/span><\/span>\n<\/a><a href=\"?add-to-cart=7594\" data-quantity=\"1\" class=\"button product_type_simple add_to_cart_button ajax_add_to_cart barberry_addtocart_button\" data-product_id=\"7594\" data-product_sku=\"\" aria-label=\"A\u00f1adir al carrito: &ldquo;Cappellino Hat GA009&rdquo;\" rel=\"nofollow\" data-success_message=\"\u00abCappellino Hat GA009\u00bb se ha a\u00f1adido a tu carrito\"><span class=\"tooltip\">A\u00f1adir al carrito<\/span>A\u00f1adir al carrito<\/a>\t\t\t<\/div>\n\t\t<\/div>\n\t<\/div>\n<\/li>\n<li class=\"product type-product post-7592 status-publish last instock product_cat-accesorios has-post-thumbnail featured sold-individually shipping-taxable purchasable product-type-simple\">\n\t<a href=\"https:\/\/ilchiti.com\/staging\/producto\/cappellino-hat-ga008\/\" class=\"woocommerce-LoopProduct-link woocommerce-loop-product__link\">\t<div class=\"product-inner\">\n\t\t<div class=\"product-image\">\n\t\t\t<img loading=\"lazy\" decoding=\"async\" width=\"400\" height=\"480\" src=\"https:\/\/ilchiti.com\/staging\/wp-content\/uploads\/2025\/01\/GA008-400x480.jpg\" class=\"attachment-woocommerce_thumbnail size-woocommerce_thumbnail\" alt=\"\" \/>\t\t<\/div>\n\t\t<div class=\"product-details-wrapper\">\n\t\t\t<div class=\"product-details\">\n\t\t\t\t<h2 class=\"woocommerce-loop-product__title\">Cappellino Hat GA008<\/h2>\n\t<span class=\"price\"><span class=\"woocommerce-Price-amount amount\"><bdi><span class=\"woocommerce-Price-currencySymbol\">&euro;<\/span>35.00<\/bdi><\/span><\/span>\n<\/a><a href=\"?add-to-cart=7592\" data-quantity=\"1\" class=\"button product_type_simple add_to_cart_button ajax_add_to_cart barberry_addtocart_button\" data-product_id=\"7592\" data-product_sku=\"\" aria-label=\"A\u00f1adir al carrito: &ldquo;Cappellino Hat GA008&rdquo;\" rel=\"nofollow\" data-success_message=\"\u00abCappellino Hat GA008\u00bb se ha a\u00f1adido a tu carrito\"><span class=\"tooltip\">A\u00f1adir al carrito<\/span>A\u00f1adir al carrito<\/a>\t\t\t<\/div>\n\t\t<\/div>\n\t<\/div>\n<\/li>\n\t\t\t<\/ul>\n\t\t<\/div><!-- .cell -->\n    <\/div><!-- .grid-x -->\n<\/div><!-- .grid-container --><\/div>[\/vc_column][\/vc_row][vc_row][vc_column css_animation=\u00bbnone\u00bb el_class=\u00bbwoocmmprdcts\u00bb][vc_empty_space height=\u00bb50px\u00bb][\/vc_column][\/vc_row][vc_row full_width=\u00bbstretch_row\u00bb full_height=\u00bbyes\u00bb columns_placement=\u00bbtop\u00bb content_placement=\u00bbtop\u00bb parallax=\u00bbcontent-moving\u00bb parallax_image=\u00bb3597&#8243; parallax_speed_bg=\u00bb1.2&#8243; css_animation=\u00bbnone\u00bb disable_element=\u00bbyes\u00bb][vc_column offset=\u00bbvc_col-lg-3 vc_col-md-2&#8243;][\/vc_column][vc_column css=\u00bb.vc_custom_1540656938917{padding-right: 45px !important;padding-left: 45px !important;}\u00bb offset=\u00bbvc_col-lg-6 vc_col-md-8&#8243;][vc_row_inner][vc_column_inner][vc_column_text]<\/p>\n<h2 class=\"p1\" style=\"text-align: center;\">It\u2019s all New,<br \/>\nIt all arrived this week<\/h2>\n<p style=\"text-align: center;\"><span style=\"color: #000000;\">Furniture axe heirloom ethical man bun sustainable. Pickled normcore selvage, bespoke four dollar toast neutra chartreuse vinyl.<\/span><\/p>\n<p>[\/vc_column_text]\r\n    <style>\r\n        body:not(.is-mobile) .b-button-1381590910 a.button:hover {\r\n            border-color: #000000;\r\n            color: #000000;\r\n        }       \r\n    <\/style>\r\n\r\n    <div class=\"barberry-button-container b-button_center b-button-1381590910\">\r\n        <a href=\"http:\/\/barberry.temashdesign.com\/furniture\/shop\/\" style=\"background-color: #000000; border-color: #000000;\"  class=\"b-button_normal button\">Discover Our Shop<\/a>\r\n    <\/div>\r\n    \r\n    \r\n    [\/vc_column_inner][\/vc_row_inner][vc_row_inner][vc_column_inner offset=\u00bbvc_hidden-md vc_hidden-sm vc_hidden-xs\u00bb][vc_empty_space height=\u00bb600&#8243;][\/vc_column_inner][\/vc_row_inner][vc_row_inner][vc_column_inner offset=\u00bbvc_hidden-lg\u00bb][vc_empty_space height=\u00bb600&#8243;][\/vc_column_inner][\/vc_row_inner][\/vc_column][vc_column offset=\u00bbvc_col-lg-3 vc_col-md-2&#8243;][\/vc_column][\/vc_row][vc_row][vc_column][vc_column_text][\/vc_column_text][\/vc_column][\/vc_row]<\/p>","protected":false},"excerpt":{"rendered":"<p>[vc_row][vc_column][vc_column_text][\/vc_column_text][\/vc_column][\/vc_row][vc_row disable_element=\u00bbyes\u00bb][vc_column][rev_slider_vc alias=\u00bbhome\u00bb el_class=\u00bbsldrhome\u00bb][\/vc_column][\/vc_row][vc_row full_width=\u00bbstretch_row_content\u00bb equal_height=\u00bbyes\u00bb content_placement=\u00bbmiddle\u00bb][vc_column css=\u00bb.vc_custom_1585623747477{padding-left: 25px !important;}\u00bb][vc_single_image image=\u00bb7481&#8243; img_size=\u00bbfull\u00bb alignment=\u00bbcenter\u00bb css=\u00bb.vc_custom_1729107605710{margin-bottom: 0px !important;}\u00bb][\/vc_column][\/vc_row][vc_row full_width=\u00bbstretch_row_content\u00bb equal_height=\u00bbyes\u00bb content_placement=\u00bbmiddle\u00bb css=\u00bb.vc_custom_1584755021137{margin-top:\u2026<\/p>\n","protected":false},"author":1,"featured_media":0,"parent":3488,"menu_order":0,"comment_status":"closed","ping_status":"closed","template":"","meta":{"footnotes":""},"class_list":["post-3658","page","type-page","status-publish","hentry"],"jetpack_sharing_enabled":true,"_links":{"self":[{"href":"https:\/\/ilchiti.com\/staging\/wp-json\/wp\/v2\/pages\/3658","targetHints":{"allow":["GET"]}}],"collection":[{"href":"https:\/\/ilchiti.com\/staging\/wp-json\/wp\/v2\/pages"}],"about":[{"href":"https:\/\/ilchiti.com\/staging\/wp-json\/wp\/v2\/types\/page"}],"author":[{"embeddable":true,"href":"https:\/\/ilchiti.com\/staging\/wp-json\/wp\/v2\/users\/1"}],"replies":[{"embeddable":true,"href":"https:\/\/ilchiti.com\/staging\/wp-json\/wp\/v2\/comments?post=3658"}],"version-history":[{"count":109,"href":"https:\/\/ilchiti.com\/staging\/wp-json\/wp\/v2\/pages\/3658\/revisions"}],"predecessor-version":[{"id":7567,"href":"https:\/\/ilchiti.com\/staging\/wp-json\/wp\/v2\/pages\/3658\/revisions\/7567"}],"up":[{"embeddable":true,"href":"https:\/\/ilchiti.com\/staging\/wp-json\/wp\/v2\/pages\/3488"}],"wp:attachment":[{"href":"https:\/\/ilchiti.com\/staging\/wp-json\/wp\/v2\/media?parent=3658"}],"curies":[{"name":"wp","href":"https:\/\/api.w.org\/{rel}","templated":true}]}}